2, what is 11010000111 + -10101?
11001110010
In base 11, what is -2096 + -4a3?
-2589
In base 2, what is 10101010001 - 1001?
10101001000
In base 16, what is fc + -8b7?
-7bb
In base 9, what is 567 - -4163?
4741
In base 10, what is -5 - -1318422?
1318417
In base 3, what is -10 - 111122211?
-111122221
In base 13, what is 7 - -165b?
1665
In base 2, what is 10010111110 + -10?
10010111100
In base 2, what is 1011011 + -1011011011111?
-1011010000100
In base 12, what is 0 + 24264?
24264
In base 7, what is -6350552 - 5?
-6350560
In base 13, what is -3c + -5855?
-5894
In base 5, what is 14400 - 10143?
4202
In base 12, what is -1b - -654?
635
In base 3, what is 200110002 + 1021?
200111100
In base 16, what is 5 + 3e22?
3e27
In base 7, what is -15643 + 14?
-15626
In base 16, what is -24c - -26?
-226
In base 11, what is -254 + 232?
-22
In base 5, what is 1 + -14404133?
-14404132
In base 6, what is 13403 + -3?
13400
In base 6, what is -33 - -120043?
120010
In base 5, what is 324021 - 1110?
322411
In base 5, what is -122334 - -100?
-122234
In base 6, what is -4201024 + -11?
-4201035
In base 4, what is 30022312312 + 2?
30022312320
In base 8, what is -45 + 164720?
164653
In base 3, what is -11102102 + -2?
-11102111
In base 11, what is 0 + 61497?
61497
In base 5, what is -1331200 - -120?
-1331030
In base 13, what is 20341 + -4?
2033a
In base 12, what is 5 + -25a84?
-25a7b
In base 10, what is 22 - 15794?
-15772
In base 11, what is -73 + -2187?
-224a
In base 16, what is -5 - 11043f?
-110444
In base 15, what is -7cdc + 4?
-7cd8
In base 5, what is -2440020 - -10?
-2440010
In base 3, what is 110002 - 201200?
-21121
In base 6, what is -35 + -3132050?
-3132125
In base 10, what is -311 + 366?
55
In base 5, what is 12 + -3344303?
-3344241
In base 8, what is -765 + -10?
-775
In base 5, what is 1004203 - -10?
1004213
In base 15, what is 5 - 320cd?
-320c8
In base 16, what is -1009b + -3?
-1009e
In base 5, what is -1 + 1122042?
1122041
In base 5, what is 10 + 110213?
110223
In base 12, what is 0 - -96648?
96648
In base 8, what is 31 - 46557?
-46526
In base 6, what is 15 + 4105333?
4105352
In base 7, what is 354 - 16332?
-15645
In base 11, what is -18 - 108a70?
-108a88
In base 16, what is -1 + 6e70?
6e6f
In base 11, what is 73 - 1114?
-1051
In base 12, what is 485 - 9?
478
In base 12, what is -3 - -2564b?
25648
In base 5, what is -14120 - -10?
-14110
In base 5, what is -3000433 - 3?
-3000441
In base 16, what is -2 - 4722f?
-47231
In base 3, what is -20220220211 + -1000?
-20220221211
In base 5, what is 110233424 - -1?
110233430
In base 14, what is 9 - -2128?
2133
In base 15, what is -c03a8 - 2?
-c03aa
In base 9, what is -155 + -1460?
-1625
In base 12, what is 144940 + -1?
14493b
In base 6, what is -152103 - 3?
-152110
In base 15, what is 6 + 3925?
392b
In base 13, what is 5b11a + 2?
5b11c
In base 14, what is -1cd13 + 1c?
-1ccd5
In base 12, what is -27a + -75?
-333
In base 11, what is 2 + -1563?
-1561
In base 15, what is -300 - e15?
-1215
In base 14, what is -3 + -b4b?
-b50
In base 3, what is 2112011 - 201?
2111110
In base 9, what is 123736 + 2?
123738
In base 5, what is 11134 - -1101?
12240
In base 13, what is 1 - 21a20c?
-21a20b
In base 2, what is 11101111 + 110?
11110101
In base 5, what is -13 - 1434104?
-1434122
In base 3, what is -221111 + 1120?
-212221
In base 6, what is 15254 + 5?
15303
In base 3, what is 11 - -1112102102?
1112102120
In base 15, what is 1a - -186dd?
18708
In base 16, what is -1ca + a8?
-122
In base 15, what is 1 + 5314?
5315
In base 8, what is 1305 + 374?
1701
In base 14, what is 358 - 42?
316
In base 9, what is 8316 + 3?
8320
In base 6, what is 1001414 - -2?
1001420
In base 6, what is 4103245 - -31?
4103320
In base 7, what is 1243356 - 2?
1243354
In base 2, what is 101 + -10000100000110001000?
-10000100000110000011
In base 5, what is 2 - -3040203?
3040210
In base 12, what is -122 - 183?
-2a5
In base 10, what is -814 - 3366?
-4180
In base 15, what is -25a + 380?
125
In base 6, what is -413151 + 13?
-413134
In base 6, what is 314 - 531?
-213
In base 11, what is 1182a + -1a1?
11639
In base 12, what is 6 - -101772?
101778
In base 3, what is 121210 + -21012?
100121
In base 13, what is -c + 841?
832
In base 16, what is 2 + -1e35?
-1e33
In base 9, what is 3536 - -37?
3574
In base 13, what is -1 - -22640?
2263c
In base 7, what is -54 - -2224?
2140
In base 6, what is -12 - 113550?
-114002
In base 3, what is 12001210120120 + -12?
12001210120101
In base 6, what is 1523 - -411?
2334
In base 2, what is 1001010 - 101111100?
-100110010
In base 16, what is -6 + 84e6?
84e0
In base 11, what is 2623 - 679?
1a55
In base 9, what is 2 - 1312?
-1310
In base 11, what is -a3605 + 5?
-a3600
In base 10, what is -96 + 1869?
1773
In base 15, what is 160d3 - 5?
160cd
In base 15, what is c4e - d9?
b65
In base 15, what is -33644 + -3?
-33647
In base 11, what is -17a6 + -4?
-17aa
In base 9, what is -37 - 32010?
-32047
In base 2, what is -100111011100110 + 10?
-100111011100100
In base 15, what is -30 + e4b?
e1b
In base 8, what is -63325 - 26?
-63353
In base 15, what is a7a7 + 5?
a7ac
In base 9, what is 36 + 121?
157
In base 5, what is -32 + -10221?
-10303
In base 10, what is 1891 - -93?
1984
In base 14, what is 0 - 5c507?
-5c507
In base 8, what is -1 - 53630?
-53631
In base 13, what is 218a + 146?
2303
In base 12, what is 1344b - 0?
1344b
In base 14, what is 10 + -c53?
-c43
In base 10, what is -6 - 10170?
-10176
In base 3, what is 11 + -12122211100?
-12122211012
In base 12, what is 301b34 + 1?
301b35
In base 2, what is 101 + 11011100011100?
11011100100001
In base 8, what is 1027 - -3?
1032
In base 2, what is -100101000001101 - 10010?
-100101000011111
In base 13, what is 650 + 765?
10b5
In base 5, what is 13 + 4430321?
4430334
In base 13, what is -659 - c1?
-74a
In base 15, what is 0 - -3437?
3437
In base 12, what is -145b25 - -3?
-145b22
In base 4, what is -12 + 12111300?
12111222
In base 15, what is -11d - 240?
-35d
In base 4, what is -30131301 + 3?
-30131232
In base 9, what is 2142 + 225?
2367
In base 6, what is 4 - -143150?
143154
In base 9, what is 2630 + -57?
2562
In base 7, what is 1035 + 11111?
12146
In base 9, what is -4 - -63666?
63662
In base 2, what is 111110110001 - -110000?
111111100001
In base 11, what is 450 + 55a?
9aa
In base 10, what is -27839 - 3?
-27842
In base 12, what is 3811 - 9?
3804
In base 12, what is 2 + -238250?
-23824a
In base 12, what is 901 - 19b?
722
In base 8, what is 644 + -1?
643
In base 16, what is f - -9ac?
9bb
In base 12, what is 66 - 94?
-2a
In base 6, what is -2221 - 42?
-2303
In base 5, what is -1213 - 1404?
-3122
In base 15, what is -b7 - -14c5?
140d
In base 11, what is 61 - 37?
25
In base 12, what is -1 - 5417?
-5418
In base 8, what is -1603222 + -4?
-1603226
In base 6, what is -5 + 304135?
304130
In base 16, what is 2 + -fe3e?
-fe3c
In base 11, what is 49a988 + -7?
49a981
In base 15, what is 3 + 57e1?
57e4
In base 8, what is -2124422 + 6?
-2124414
In base 5, what is -11330 + -4?
-11334
In base 11, what is 1040 - 505?
636
In base 16, what is -2 + 15763?
15761
In base 2, what is 100001111 - 1000111111011?
-1000011101100
In base 10, what is -1 + -1161?
-1162
In base 8, what is -30 - 1376?
-1426
In base 11, what is -1a + -628?
-647
In base 3, what is -200210002212 + 10?
-200210002202
In base 13, what is 1 + -10917a?
-109179
In base 10, what is 11185 + 3?
11188
In base 11, what is -7818 + 4?
-7814
In base 14, what is -3a045 + 3?
-3a042
In base 12, what is -4 + -391017?
-39101b
In base 16, what is dab6 + -5?
dab1
In base 13, what is 0 + -123bc?
-123bc
In base 9, what is -1 - 30231?
-30232
In base 8, what is -65506 + 11?
-65475
In base 13, what is -143 - 62?
-1a5
In base 7, what is -4360 - -1136?
-3221
In base 4, what is -1033 - -1302?
203
In base 16, what is 5 + -1f05?
-1f00
In base 7, what is 563201 + 31?
563232
In base 9, what is -212763 - -3?
-212760
In base 13, what is -110aa1 + 4?
-110a9a
In base 15, what is 587 + -123?
464
In base 14, what is 1 + -3b12?
-3b11
In base 11, what is 287 + 82?
359
In base 12, what is -5 + 639?
634
In base 6, what is 2441 + 142?
3023
In base 6, what is -11 - -30345?
30334
In base 5, what is 132 - -1322?
2004
In base 8, what is -1101 + 24?
-1055
In base 3, what is 1100212 + 1102110?
2210022
In base 2, what is -1010